a factor of q?
True
Suppose 154 = -8*b - 54. Let k = 21 - b. Does 4 divide k?
False
Let v be (-4)/18 - (-143)/117. Let l(s) = 4*s - 1. Let y be l(v). Suppose 107 = 2*j - 3*q, 3*q + q + 158 = y*j. Is j a multiple of 23?
True
Let u = -1 - 8. Let o(n) = n**3 + 9*n**2 - n - 11. Let p be o(u). Does 10 divide 1 + (-4 - p) - -40?
False
Let y(k) be the first derivative of k**3/3 + k**2 + 7*k - 3. Let o be y(-5). Suppose o - 41 = -m. Is 12 a factor of m?
False
Suppose -2*g - g = 45. Let i = 20 + g. Suppose -92 = -4*w + p, -i*p + 0*p + 20 = 0. Does 6 divide w?
True
Is 837 - (-5)/(45/27) a multiple of 24?
True
Suppose -6 = -3*v + 4*v. Is (18/v)/(6/(-190)) a multiple of 14?
False
Suppose -10 = 5*g, 5*h - g - 248 = 3*g. Suppose 0 = -v - 5*f + h + 33, -2*f = 0. Is 9 a factor of v?
True
Let g(b) = -2*b**3 - 8*b**2 + 7*b + 56. Is g(-9) a multiple of 11?
True
Let v = -89 + 91. Suppose v*y - 103 = 57. Is 7 a factor of y?
False
Let q(x) = 148*x**3 - 22 + 4*x + 15*x**2 - 72*x**3 - 75*x**3. Does 31 divide q(-13)?
False
Suppose 2*y = y - 2*d + 4, -3*y + 4*d = 8. Let i = y + 3. Suppose -f + i*f - 126 = 0. Does 21 divide f?
True
Let q = -21 + 20. Is (1 - -11)/(q/(-6)) a multiple of 12?
True
Let i = -6 + 6. Suppose -4*l + 5 + 7 = i. Suppose -l = -2*p + 3. Is 3 a factor of p?
True
Let k be (50/(-35))/(108/56 - 2). Does 6 divide (k - 18) + (0 - -4)?
True
Suppose 0 = k + 1. Let c = 5 - k. Is 19 a factor of 3*13 + c/(-6)?
True
Let y(c) = c**3 - 20*c**2 + 19*c - 3. Let n be y(19). Is (63/(-36))/(n/120) a multiple of 35?
True
Suppose y = -5*b + 620 + 6296, -5*b = 2*y - 6912. Is b a multiple of 60?
False
Let z = 1996 - 940. Does 96 divide z?
True
Suppose l = -5*u + 5, -4*l = -2*u + 5*u - 3. Let x(w) = 29*w**3 - w**2 + 3*w - 1. Does 30 divide x(u)?
True
Let v(w) = -w**2 - 17*w - 13. Let r be v(-16). Suppose -5*h + s + 376 = 0, -4*h + 0*h = -r*s - 303. Is 15 a factor of h?
True
Let k = 14 + -16. Let y be 37 + 1/(k/(-6)). Suppose 0 = 3*v - y - 17. Is 5 a factor of v?
False
Let k = 2407 + -919. Does 16 divide k?
True
Suppose -13*i - 294 = -20*i. Let s = 72 - i. Is s a multiple of 7?
False
Let m(i) = -i - 4. Let l be m(-14). Suppose -l + 4 = 2*y. Is (10 + -1)/(y/(-14)) a multiple of 14?
True
Let l(g) = g**3 + 10*g**2 + 7*g - 13. Let r be l(-9). Let x = -10 + r. Let d(m) = m**3 + 6*m**2 + 2*m - 6. Does 3 divide d(x)?
True
Let m be 3*(4/(-12))/(-1). Let x(f) = 3*f**2. Let l be x(m). Let s(q) = 17*q - 3. Is 12 a factor of s(l)?
True
Let j(f) be the second derivative of -101*f**3/6 + 2*f**2 + 12*f. Is 13 a factor of j(-1)?
False
Suppose -34522 + 84682 = 20*a. Does 33 divide a?
True
Let u = 1518 - 1273. Does 3 divide u?
False
Let u(j) = -j**2 + 7*j + 16. Let t be u(8). Suppose -12*y = -t*y - 112. Is 7 a factor of y?
True
Let v = 28 + 20. Suppose -2*u - 3*s + 15 = -27, -4*u + 3*s + v = 0. Is u a multiple of 15?
True
Suppose 5*m - 2*f + 2459 = 7683, -3*m + f = -3134. Is 5 a factor of m?
False
Let n(c) = 44*c**3 - 3*c**2 + 6*c - 20. Is 75 a factor of n(3)?
False
Let z be (-2)/9 + (-6)/(-27). Let x be 2 + -1*(z - 4). Suppose 2*b + 2*q - x = -q, 0 = 2*q + 8. Is 9 a factor of b?
True
Suppose -2*c + 5*c - 15 = 0. Suppose t + 3*q - 108 = -2*t, -6 = -t + c*q. Is 10 a factor of t?
False
Let q = -14 + 91. Suppose o - 3*o + q = -3*m, -3*o + 106 = 5*m. Suppose -2*h = -o - 59. Is 16 a factor of h?
True
Suppose -79*g + 45470 = -55966. Does 6 divide g?
True
Let w(d) = -4*d**2 - 3*d + 17. Let x be w(-5). Let r = x - -72. Does 2 divide r?
True
Let k(y) = 4*y - 2. Let p be k(-1). Does 12 divide (9/p)/(69/72 - 1)?
True
Suppose -10*n = -1879 - 8441. Is 129 a factor of n?
True
Suppose 0*m = 4*m - 20, -m = -l - 23. Let a = -15 - l. Suppose 0 = d + a*d - 40. Is 8 a factor of d?
False
Suppose 10*p = p + 36. Suppose -p*h + 869 = 7*h. Is h a multiple of 14?
False
Does 15 divide (533/123)/(4/4020)?
False
Let g(o) = 5*o**2 - 3*o + 9. Let l be g(8). Suppose 6*b = b - 3*u + l, 5*u + 265 = 5*b. Does 9 divide b?
False
Let x(k) = -k**2 + 10*k + 2. Let s be x(9). Suppose -5*v + 129 = -s. Suppose 3*f - v = -3*n + 5*f, f + 5 = 0. Is 3 a factor of n?
True
Let b be 154/6 + (-6)/9. Let q be (-30)/4*(-180)/b. Suppose w = 4*w - q. Is 10 a factor of w?
False
Suppose 2*i + 3 - 9 = 2*g, 0 = 3*i + 2*g - 19. Suppose 4*z - 486 = -i*o, -587 = -0*z - 5*z + 4*o. Is z a multiple of 7?
True
Suppose -44 = -i + 5*i. Let z be 2/i - (-93)/(-33). Let t = 0 - z. Is t even?
False
Suppose 5*z = -8*j + 3*j, 2*z - 4 = 2*j. Let g(c) = 5*c**2 - 3*c + 2. Let w be g(z). Suppose 5*q - 4*s - 74 = 0, -3*s + 14 = -w*q + 73. Does 11 divide q?
False
Let l = 141 - -717. Is 26 a factor of l?
True
Let q = -27 - -27. Suppose 2*m - 95 - 51 = q. Is 9 a factor of m?
False
Suppose 0 = -0*q + 2*q + 2*p + 20, q = 4*p - 35. Let m be (-1809)/q - (-6)/(-10). Suppose -2*s + m = 4*s. Does 10 divide s?
True
Suppose 18*d = 21*d + 15. Let k(u) = -2*u - 5*u**2 - u - u + 7 - u**3. Is k(d) a multiple of 12?
False
Let y be 1353/55 + (-4)/(-10). Suppose -3*w - o = -572, -4*o - o + y = 0. Does 16 divide w?
False
Let n = -4 - 1. Let r(q) = -4139*q - 3 + 7*q**2 - 1 + 4139*q + q**3. Is r(n) a multiple of 12?
False
Let w(c) = 1 + c**3 + 3 + 3*c**2 - 2*c**2 + 2 - 5*c. Is w(3) a multiple of 8?
False
Suppose -4*z + 5*z - 110 = 0. Let g be 588/105 + (6/5)/3. Suppose g*o = o + z. Does 13 divide o?
False
Let c(h) = -h**2 + 19*h. Is c(18) a multiple of 4?
False
Let k be (-50)/(-18) - (-20)/90. Suppose 0 = 4*t + 11 - k. Is 11 a factor of 0*1/t + 32?
False
Suppose -32208 = 63*b - 75*b. Does 11 divide b?
True
Suppose 0 = 4*r - 2*y - 2, 15 = y + 4*y. Let d be (1/r)/((-7)/(-2842)). Let s = d + -92. Is s a multiple of 17?
False
Let u = 2 - 7. Let q = u - -7. Suppose r = -4*l + 12, -48 = -q*r - 2*r - 2*l. Does 6 divide r?
True
Let y(v) = v**2 + 5*v + 2. Let o be y(-5). Let n be 27*(o - 2/3). Suppose 0*m - n = -4*m. Is 5 a factor of m?
False
Suppose -3*u + 3*t = -u + 3, -4*u - 3*t = 15. Let d be (-184)/2 - 3/u. Let l = -37 - d. Is l a multiple of 34?
False
Let n(a) = 3*a - 7. Let k = -9 + 3. Let x(u) = 1. Let m(f) = k*x(f) + n(f). Is m(10) a multiple of 8?
False
Let x be 653/2 + (-15)/(-10). Suppose 0 = -z - 2*z - 2*f + 269, -4*z + 5*f = -x. Is 3 a factor of z?
True
Let j(v) = 57*v - 60. Does 52 divide j(12)?
True
Suppose -c + 3*c = 4. Let u be c/(-8)*14*-10. Suppose -18 - u = -f. Is 9 a factor of f?
False
Suppose -p = -4, -2*b + 0*b - 3*p = -1128. Is b a multiple of 18?
True
Let p = 1935 - 1126. Is 17 a factor of p?
False
Let b be (6/(-15))/((-4)/20). Suppose 7*t - 104 = -f + b*t, 0 = -f + 3*t + 104. Suppose 0*j - f = -4*j. Is j a multiple of 13?
True
Suppose -504 = -3*v + 3*y - 0*y, 3*y - 856 = -5*v. Does 40 divide v?
False
Let l(b) = b**3 - 12*b**2 - 4*b + 6. Let v(x) = x**3 - 11*x**2 - 3*x + 5. Let t(w) = 5*l(w) - 6*v(w). Let p be t(6). Does 3 divide (p - -27)*(-4)/(-6)?
False
Suppose -3*m - 43 = -25. Is (-2*53/(-4))/(m/(-12)) a multiple of 14?
False
Suppose -509*k = -497*k - 16092. Is 63 a factor of k?
False
Let v = 11 - 10. Let y be (-3)/v*(-8)/12. Suppose 0 = 2*x + 2*x - y*r - 42, -2*r = -2*x + 18. Is 11 a factor of x?
False
Let s = -171 + 385. Is s a multiple of 12?
False
Suppose -2*q + 12 - 4 = 0. Let f(a) = -5*a**2 + 7*a + 2. Let z(v) = -11*v**2 + 14*v + 5. Let j(h) = 9*f(h) - 4*z(h). Is j(q) a multiple of 5?
True
Let q(w) be the second derivative of 4*w**3 + 21*w**2 + 22*w. Is q(7) a multiple of 21?
True
Suppose -6*l + 3*l + 4*i = -1158, -l + 378 = -4*i. Is 23 a factor of l?
False
Suppose 0 = -q - 3*q - 4*l + 1792, -4*q + 4*l + 1752 = 0. Suppose -q = -5*s - 3*i, 0*s - 2*i + 447 = 5*s. Is 28 a factor of s?
False
Suppose 4*o - 40 = -0*o. Is 118/o + 12/(-15) a multiple of 5?
False
Is 2 a factor of 3 + 30/(7 + -1)?
True
Let a(m) = -m**2 - 2*m + 69. Let y(k) = 2*k + 41. Let c be y(-17). Suppose -11*u + c*u = 0. Is 16 a factor of a(u)?
False
Is 8/(-88) - (-46996)/44 a multiple of 86?
False
Let t = -5 - -21. Suppose t*f - 19*f + 30 = 0. Is 2 a factor of f?
True
Let t(r) = -25*r - 61. Let o be t(-12). Is (-23 + o)*4*2/12 a multiple of 13?
False
Suppose b = 10 - 3. Let f(s) = -b*s - 3*s - 1 + 3*s. Does 5 divide f(-1)?
False
Suppose 145*n + 4530 = 155*n. Does 13 divide n?
False
Let p = 205 - 490. Let z = -159 - p. Is 7 a factor of z?
True
Does 117 divide 2/(-3) - (-14 + (-88825)/51)?
True
Let